{"id":10777,"date":"2022-04-04T07:33:35","date_gmt":"2022-04-04T07:33:35","guid":{"rendered":"https:\/\/turismobailen.com\/festividades\/quartier-de-san-jose\/"},"modified":"2022-04-04T07:33:35","modified_gmt":"2022-04-04T07:33:35","slug":"quartier-de-san-jose","status":"publish","type":"mec-events","link":"https:\/\/turismobailen.com\/fr\/festividades\/quartier-de-san-jose\/","title":{"rendered":"Quartier de San Jos\u00e9"},"content":{"rendered":"<p>Le quartier de San Jos\u00e9 Obrero, construit au cours des ann\u00e9es 60, accueille l&#8217;une des foires les plus remarquables de la ville. Le 1er Mai est le temps fort de la c\u00e9l\u00e9bration.<\/p>\n","protected":false},"excerpt":{"rendered":"<p>Le quartier de San Jos\u00e9 Obrero, construit au cours des ann\u00e9es 60, accueille l&#8217;une des foires les plus remarquables de la ville. Le 1er Mai est le temps fort de la c\u00e9l\u00e9bration.<\/p>\n","protected":false},"author":1,"featured_media":7802,"comment_status":"closed","ping_status":"closed","template":"","tags":[],"mec_category":[],"class_list":["post-10777","mec-events","type-mec-events","status-publish","has-post-thumbnail","hentry"],"_links":{"self":[{"href":"https:\/\/turismobailen.com\/fr\/wp-json\/wp\/v2\/mec-events\/10777","targetHints":{"allow":["GET"]}}],"collection":[{"href":"https:\/\/turismobailen.com\/fr\/wp-json\/wp\/v2\/mec-events"}],"about":[{"href":"https:\/\/turismobailen.com\/fr\/wp-json\/wp\/v2\/types\/mec-events"}],"author":[{"embeddable":true,"href":"https:\/\/turismobailen.com\/fr\/wp-json\/wp\/v2\/users\/1"}],"replies":[{"embeddable":true,"href":"https:\/\/turismobailen.com\/fr\/wp-json\/wp\/v2\/comments?post=10777"}],"wp:featuredmedia":[{"embeddable":true,"href":"https:\/\/turismobailen.com\/fr\/wp-json\/wp\/v2\/media\/7802"}],"wp:attachment":[{"href":"https:\/\/turismobailen.com\/fr\/wp-json\/wp\/v2\/media?parent=10777"}],"wp:term":[{"taxonomy":"post_tag","embeddable":true,"href":"https:\/\/turismobailen.com\/fr\/wp-json\/wp\/v2\/tags?post=10777"},{"taxonomy":"mec_category","embeddable":true,"href":"https:\/\/turismobailen.com\/fr\/wp-json\/wp\/v2\/mec_category?post=10777"}],"curies":[{"name":"wp","href":"https:\/\/api.w.org\/{rel}","templated":true}]}}

Quartier de San José

<p>Le quartier de San José Obrero, construit au cours des années 60, accueille l&#8217;une des foires les plus remarquables de la ville. Le 1er Mai est le temps fort de la célébration.</p>
